[INFO] fetching crate tc-consensus-manual-seal 0.8.1...
[INFO] building tc-consensus-manual-seal-0.8.1 against master#881c1ac408d93bb7adaa3a51dabab9266e82eee8 for issue-85264
[INFO] extracting crate tc-consensus-manual-seal 0.8.1 into /workspace/builds/worker-10/source
[INFO] validating manifest of crates.io crate tc-consensus-manual-seal 0.8.1 on toolchain 881c1ac408d93bb7adaa3a51dabab9266e82eee8
[INFO] running `Command { std: "/workspace/cargo-home/bin/cargo" "+881c1ac408d93bb7adaa3a51dabab9266e82eee8" "metadata" "--manifest-path" "Cargo.toml" "--no-deps", kill_on_drop: false }`
[INFO] started tweaking crates.io crate tc-consensus-manual-seal 0.8.1
[INFO] finished tweaking crates.io crate tc-consensus-manual-seal 0.8.1
[INFO] tweaked toml for crates.io crate tc-consensus-manual-seal 0.8.1 written to /workspace/builds/worker-10/source/Cargo.toml
[INFO] running `Command { std: "/workspace/cargo-home/bin/cargo" "+881c1ac408d93bb7adaa3a51dabab9266e82eee8" "generate-lockfile" "--manifest-path" "Cargo.toml" "-Zno-index-update", kill_on_drop: false }`
[INFO] running `Command { std: "/workspace/cargo-home/bin/cargo" "+881c1ac408d93bb7adaa3a51dabab9266e82eee8" "fetch" "--manifest-path" "Cargo.toml", kill_on_drop: false }`
[INFO] [stderr]  Downloading crates ...
[INFO] [stderr]   Downloaded tc-basic-authorship v0.8.0
[INFO] [stderr]   Downloaded tc-proposer-metrics v0.8.0
[INFO] running `Command { std: "docker" "create" "-v" "/var/lib/crater-agent-workspace/builds/worker-10/target:/opt/rustwide/target:rw,Z" "-v" "/var/lib/crater-agent-workspace/builds/worker-10/source:/opt/rustwide/workdir:ro,Z" "-v" "/var/lib/crater-agent-workspace/cargo-home:/opt/rustwide/cargo-home:ro,Z" "-v" "/var/lib/crater-agent-workspace/rustup-home:/opt/rustwide/rustup-home:ro,Z" "-e" "SOURCE_DIR=/opt/rustwide/workdir" "-e" "CARGO_TARGET_DIR=/opt/rustwide/target" "-e" "CARGO_HOME=/opt/rustwide/cargo-home" "-e" "RUSTUP_HOME=/opt/rustwide/rustup-home" "-w" "/opt/rustwide/workdir" "-m" "1610612736" "--user" "0:0" "--network" "none" "ghcr.io/rust-lang/crates-build-env/linux@sha256:20528e8c29e4536546f0102ce88568b16ea7538393a33fcca951030f7af10457" "/opt/rustwide/cargo-home/bin/cargo" "+881c1ac408d93bb7adaa3a51dabab9266e82eee8" "metadata" "--no-deps" "--format-version=1", kill_on_drop: false }`
[INFO] [stdout] 1476e23007cd9be4776888d2d154c50632e2cc0f0db6231c85546dddfdf372a6
[INFO] [stderr] WARNING: Your kernel does not support swap limit capabilities or the cgroup is not mounted. Memory limited without swap.
[INFO] running `Command { std: "docker" "start" "-a" "1476e23007cd9be4776888d2d154c50632e2cc0f0db6231c85546dddfdf372a6", kill_on_drop: false }`
[INFO] running `Command { std: "docker" "inspect" "1476e23007cd9be4776888d2d154c50632e2cc0f0db6231c85546dddfdf372a6", kill_on_drop: false }`
[INFO] running `Command { std: "docker" "rm" "-f" "1476e23007cd9be4776888d2d154c50632e2cc0f0db6231c85546dddfdf372a6", kill_on_drop: false }`
[INFO] [stdout] 1476e23007cd9be4776888d2d154c50632e2cc0f0db6231c85546dddfdf372a6
[INFO] running `Command { std: "docker" "create" "-v" "/var/lib/crater-agent-workspace/builds/worker-10/target:/opt/rustwide/target:rw,Z" "-v" "/var/lib/crater-agent-workspace/builds/worker-10/source:/opt/rustwide/workdir:ro,Z" "-v" "/var/lib/crater-agent-workspace/cargo-home:/opt/rustwide/cargo-home:ro,Z" "-v" "/var/lib/crater-agent-workspace/rustup-home:/opt/rustwide/rustup-home:ro,Z" "-e" "SOURCE_DIR=/opt/rustwide/workdir" "-e" "CARGO_TARGET_DIR=/opt/rustwide/target" "-e" "CARGO_INCREMENTAL=0" "-e" "RUST_BACKTRACE=full" "-e" "RUSTFLAGS=--cap-lints=forbid" "-e" "CARGO_HOME=/opt/rustwide/cargo-home" "-e" "RUSTUP_HOME=/opt/rustwide/rustup-home" "-w" "/opt/rustwide/workdir" "-m" "1610612736" "--user" "0:0" "--network" "none" "ghcr.io/rust-lang/crates-build-env/linux@sha256:20528e8c29e4536546f0102ce88568b16ea7538393a33fcca951030f7af10457" "/opt/rustwide/cargo-home/bin/cargo" "+881c1ac408d93bb7adaa3a51dabab9266e82eee8" "build" "--frozen" "--message-format=json", kill_on_drop: false }`
[INFO] [stdout] 49feafd9f252d5dfc447ac836d4a09b069e5917a65cb1155d0e3d0142181660e
[INFO] [stderr] WARNING: Your kernel does not support swap limit capabilities or the cgroup is not mounted. Memory limited without swap.
[INFO] running `Command { std: "docker" "start" "-a" "49feafd9f252d5dfc447ac836d4a09b069e5917a65cb1155d0e3d0142181660e", kill_on_drop: false }`
[INFO] [stderr]    Compiling unsigned-varint v0.6.0
[INFO] [stderr]    Compiling tc-consensus-slots v0.8.0
[INFO] [stderr]    Compiling retain_mut v0.1.3
[INFO] [stderr]    Compiling num-traits v0.2.14
[INFO] [stderr]    Compiling num-bigint v0.2.6
[INFO] [stderr]    Compiling num-rational v0.2.4
[INFO] [stderr]    Compiling lock_api v0.3.4
[INFO] [stderr]    Compiling parking_lot_core v0.7.2
[INFO] [stderr]    Compiling uint-crate v0.9.0
[INFO] [stderr]    Compiling idna v0.1.5
[INFO] [stderr]    Compiling crypto-mac v0.8.0
[INFO] [stderr]    Compiling tokio-macros v0.2.6
[INFO] [stderr]    Compiling strum_macros v0.16.0
[INFO] [stderr]    Compiling serde v1.0.126
[INFO] [stderr]    Compiling failure_derive v0.1.8
[INFO] [stderr]    Compiling futures-util v0.3.15
[INFO] [stderr]    Compiling pin-project v1.0.7
[INFO] [stderr]    Compiling parking_lot_core v0.6.2
[INFO] [stderr]    Compiling pbkdf2 v0.4.0
[INFO] [stderr]    Compiling hmac v0.8.1
[INFO] [stderr]    Compiling libsecp256k1 v0.3.5
[INFO] [stderr]    Compiling tracing v0.1.26
[INFO] [stderr]    Compiling curve25519-dalek v3.1.0
[INFO] [stderr]    Compiling merlin v2.0.1
[INFO] [stderr]    Compiling parking_lot v0.10.2
[INFO] [stderr]    Compiling wasm-bindgen-macro-support v0.2.74
[INFO] [stderr]    Compiling tiny-bip39 v0.8.0
[INFO] [stderr]    Compiling futures-rustls v0.21.1
[INFO] [stderr]    Compiling tetsy-libp2p-core v0.27.2
[INFO] [stderr]    Compiling if-watch v0.2.2
[INFO] [stderr]    Compiling async-global-executor v2.0.2
[INFO] [stderr]    Compiling async-process v1.1.0
[INFO] [stderr]    Compiling parking_lot v0.9.0
[INFO] [stderr]    Compiling tracing-futures v0.2.5
[INFO] [stderr]    Compiling url v1.7.2
[INFO] [stderr]    Compiling async-std v1.9.0
[INFO] [stderr]    Compiling tokio v0.2.25
[INFO] [stderr]    Compiling failure v0.1.8
[INFO] [stderr]    Compiling wasm-bindgen-macro v0.2.74
[INFO] [stderr]    Compiling num-integer v0.1.44
[INFO] [stderr]    Compiling integer-sqrt v0.1.5
[INFO] [stderr]    Compiling chrono v0.4.19
[INFO] [stderr]    Compiling strum v0.16.0
[INFO] [stderr]    Compiling wasm-bindgen v0.2.74
[INFO] [stderr]    Compiling futures-executor v0.3.15
[INFO] [stderr]    Compiling twasmi v0.6.2
[INFO] [stderr]    Compiling futures v0.3.15
[INFO] [stderr]    Compiling js-sys v0.3.51
[INFO] [stderr]    Compiling tetsy-multistream-select v0.10.2
[INFO] [stderr]    Compiling rw-stream-sink v0.2.1
[INFO] [stderr]    Compiling wasm-timer v0.2.5
[INFO] [stderr]    Compiling soketto v0.4.2
[INFO] [stderr]    Compiling tetcore-utils v2.0.2
[INFO] [stderr]    Compiling intervalier v0.4.0
[INFO] [stderr]    Compiling toml v0.5.8
[INFO] [stderr]    Compiling serde_json v1.0.64
[INFO] [stderr]    Compiling ed25519-dalek v1.0.1
[INFO] [stderr]    Compiling tetsy-impl-serde v0.3.1
[INFO] [stderr]    Compiling tracing-serde v0.1.2
[INFO] [stderr]    Compiling impl-serde v0.3.1
[INFO] [stderr]    Compiling schnorrkel v0.9.1
[INFO] [stderr]    Compiling tokio-util v0.3.1
[INFO] [stderr]    Compiling h2 v0.2.7
[INFO] [stderr]    Compiling tracing-subscriber v0.2.18
[INFO] [stderr]    Compiling serializer v2.0.2
[INFO] [stderr]    Compiling tetsy-jsonrpc-core v15.1.0
[INFO] [stderr]    Compiling futures-diagnose v1.0.1
[INFO] [stderr]    Compiling tetcore-bip39 v0.4.2
[INFO] [stderr]    Compiling proc-macro-crate v0.1.5
[INFO] [stderr]    Compiling proc-macro-crate v1.0.0
[INFO] [stderr]    Compiling tetsy-jsonrpc-pubsub v15.1.0
[INFO] [stderr]    Compiling tetsy-scale-codec-derive v2.0.1
[INFO] [stderr]    Compiling tp-runtime-interface-proc-macro v2.0.2
[INFO] [stderr]    Compiling multihash-derive v0.7.2
[INFO] [stderr]    Compiling tp-api-proc-macro v2.0.2
[INFO] [stderr]    Compiling tetsy-jsonrpc-derive v15.1.0
[INFO] [stderr]    Compiling tetsy-jsonrpc-client-transports v15.1.0
[INFO] [stderr]    Compiling tetsy-jsonrpc-core-client v15.1.0
[INFO] [stderr]    Compiling wasm-bindgen-futures v0.4.24
[INFO] [stderr]    Compiling multihash v0.13.2
[INFO] [stderr]    Compiling tetsy-multiaddr v0.11.2
[INFO] [stderr]    Compiling tetsy-scale-codec v2.0.1
[INFO] [stderr]    Compiling hyper v0.13.10
[INFO] [stderr]    Compiling tetsy-libp2p-wasm-ext v0.27.1
[INFO] [stderr]    Compiling tetsy-libp2p-websocket v0.28.2
[INFO] [stderr]    Compiling tetsy-libp2p-dns v0.27.2
[INFO] [stderr]    Compiling tetsy-libp2p-swarm v0.27.1
[INFO] [stderr]    Compiling tetsy-libp2p-tcp v0.27.2
[INFO] [stderr]    Compiling tetsy-impl-codec v0.5.0
[INFO] [stderr]    Compiling tetcore-storage v2.0.2
[INFO] [stderr]    Compiling tetcore-tracing v2.0.2
[INFO] [stderr]    Compiling tetcore-wasm-interface v2.0.2
[INFO] [stderr]    Compiling arithmetic v2.0.2
[INFO] [stderr]    Compiling forktree v2.0.1
[INFO] [stderr]    Compiling tetsy-primitive-types v0.9.0
[INFO] [stderr]    Compiling externalities v0.8.2
[INFO] [stderr]    Compiling tetsy-libp2p v0.34.3
[INFO] [stderr]    Compiling tc-telemetry v2.0.0
[INFO] [stderr]    Compiling tetsy-util-mem v0.9.0
[INFO] [stderr]    Compiling tp-runtime-interface v2.0.2
[INFO] [stderr]    Compiling prometheus-endpoint v0.8.1
[INFO] [stderr]    Compiling tetsy-memory-db v0.26.0
[INFO] [stderr]    Compiling tetsy-kvdb v0.9.0
[INFO] [stderr]    Compiling tetcore-database v2.0.2
[INFO] [stderr]    Compiling tet-core v2.0.2
[INFO] [stderr]    Compiling tp-trie v2.0.2
[INFO] [stderr]    Compiling tp-keystore v0.8.1
[INFO] [stderr]    Compiling tp-inherents v2.0.2
[INFO] [stderr]    Compiling tp-allocator v2.0.2
[INFO] [stderr]    Compiling tc-executor-common v0.8.0
[INFO] [stderr]    Compiling tp-state-machine v0.8.2
[INFO] [stderr]    Compiling tc-executor-twasmi v0.8.0
[INFO] [stderr]    Compiling tet-io v2.0.2
[INFO] [stderr]    Compiling tet-application-crypto v2.0.2
[INFO] [stderr]    Compiling tp-tasks v2.0.1
[INFO] [stderr]    Compiling tp-runtime v2.0.2
[INFO] [stderr]    Compiling tc-keystore v2.0.0
[INFO] [stderr]    Compiling tp-version v2.0.2
[INFO] [stderr]    Compiling tp-consensus-slots v0.8.2
[INFO] [stderr]    Compiling tp-consensus-vrf v0.8.2
[INFO] [stderr]    Compiling tp-authorship v2.0.2
[INFO] [stderr]    Compiling tp-keyring v2.0.2
[INFO] [stderr]    Compiling tp-api v2.0.2
[INFO] [stderr]    Compiling tp-consensus v0.8.2
[INFO] [stderr]    Compiling tc-executor v0.8.0
[INFO] [stderr]    Compiling tp-timestamp v2.0.2
[INFO] [stderr]    Compiling tp-block-builder v2.0.2
[INFO] [stderr]    Compiling tp-blockchain v2.0.2
[INFO] [stderr]    Compiling tp-consensus-babe v0.8.2
[INFO] [stderr]    Compiling tp-transaction-pool v2.0.2
[INFO] [stderr]    Compiling tc-client-api v2.0.0
[INFO] [stderr]    Compiling tc-transaction-graph v2.0.0
[INFO] [stderr]    Compiling tc-consensus-uncles v0.8.0
[INFO] [stderr]    Compiling tc-consensus-epochs v0.8.0
[INFO] [stderr]    Compiling tc-transaction-pool v2.0.0
[INFO] [stderr]    Compiling tc-consensus-babe v0.8.0
[INFO] [stderr]    Compiling tc-consensus-manual-seal v0.8.1 (/opt/rustwide/workdir)
[INFO] [stderr]     Finished dev [unoptimized + debuginfo] target(s) in 5m 11s
[INFO] running `Command { std: "docker" "inspect" "49feafd9f252d5dfc447ac836d4a09b069e5917a65cb1155d0e3d0142181660e", kill_on_drop: false }`
[INFO] running `Command { std: "docker" "rm" "-f" "49feafd9f252d5dfc447ac836d4a09b069e5917a65cb1155d0e3d0142181660e", kill_on_drop: false }`
[INFO] [stdout] 49feafd9f252d5dfc447ac836d4a09b069e5917a65cb1155d0e3d0142181660e
[INFO] running `Command { std: "docker" "create" "-v" "/var/lib/crater-agent-workspace/builds/worker-10/target:/opt/rustwide/target:rw,Z" "-v" "/var/lib/crater-agent-workspace/builds/worker-10/source:/opt/rustwide/workdir:ro,Z" "-v" "/var/lib/crater-agent-workspace/cargo-home:/opt/rustwide/cargo-home:ro,Z" "-v" "/var/lib/crater-agent-workspace/rustup-home:/opt/rustwide/rustup-home:ro,Z" "-e" "SOURCE_DIR=/opt/rustwide/workdir" "-e" "CARGO_TARGET_DIR=/opt/rustwide/target" "-e" "CARGO_INCREMENTAL=0" "-e" "RUST_BACKTRACE=full" "-e" "RUSTFLAGS=--cap-lints=forbid" "-e" "CARGO_HOME=/opt/rustwide/cargo-home" "-e" "RUSTUP_HOME=/opt/rustwide/rustup-home" "-w" "/opt/rustwide/workdir" "-m" "1610612736" "--user" "0:0" "--network" "none" "ghcr.io/rust-lang/crates-build-env/linux@sha256:20528e8c29e4536546f0102ce88568b16ea7538393a33fcca951030f7af10457" "/opt/rustwide/cargo-home/bin/cargo" "+881c1ac408d93bb7adaa3a51dabab9266e82eee8" "test" "--frozen" "--no-run" "--message-format=json", kill_on_drop: false }`
[INFO] [stderr] WARNING: Your kernel does not support swap limit capabilities or the cgroup is not mounted. Memory limited without swap.
[INFO] [stdout] 2740bf5687287027aaf9a6d35052f1d9155d2fbb6a3b2366f12aa82e16ad6beb
[INFO] running `Command { std: "docker" "start" "-a" "2740bf5687287027aaf9a6d35052f1d9155d2fbb6a3b2366f12aa82e16ad6beb", kill_on_drop: false }`
[INFO] [stderr]    Compiling tc-proposer-metrics v0.8.0
[INFO] [stderr]    Compiling tc-block-builder v0.8.0
[INFO] [stderr]    Compiling tc-basic-authorship v0.8.0
[INFO] [stderr]    Compiling tc-consensus-manual-seal v0.8.1 (/opt/rustwide/workdir)
[INFO] [stdout] error[E0433]: failed to resolve: use of undeclared crate or module `tetcore_test_runtime_client`
[INFO] [stdout]    --> src/lib.rs:267:6
[INFO] [stdout]     |
[INFO] [stdout] 267 |     use tetcore_test_runtime_client::{
[INFO] [stdout]     |         ^^^^^^^^^^^^^^^^^^^^^^^^^^^ use of undeclared crate or module `tetcore_test_runtime_client`
[INFO] [stdout] 
[INFO] [stdout] 
[INFO] [stdout] error[E0432]: unresolved import `tetcore_test_runtime_client`
[INFO] [stdout]    --> src/lib.rs:267:6
[INFO] [stdout]     |
[INFO] [stdout] 267 |     use tetcore_test_runtime_client::{
[INFO] [stdout]     |         ^^^^^^^^^^^^^^^^^^^^^^^^^^^ use of undeclared crate or module `tetcore_test_runtime_client`
[INFO] [stdout] 
[INFO] [stdout] 
[INFO] [stdout] error[E0432]: unresolved import `tetcore_test_runtime_transaction_pool`
[INFO] [stdout]    --> src/lib.rs:274:6
[INFO] [stdout]     |
[INFO] [stdout] 274 |     use tetcore_test_runtime_transaction_pool::{TestApi, uxt};
[INFO] [stdout]     |         ^^^^^^^^^^^^^^^^^^^^^^^^^^^^^^^^^^^^^ use of undeclared crate or module `tetcore_test_runtime_transaction_pool`
[INFO] [stdout] 
[INFO] [stdout] 
[INFO] [stdout] error[E0425]: cannot find value `Alice` in this scope
[INFO] [stdout]    --> src/lib.rs:337:65
[INFO] [stdout]     |
[INFO] [stdout] 337 |         let result = pool.submit_one(&BlockId::Number(0), SOURCE, uxt(Alice, 0)).await;
[INFO] [stdout]     |                                                                       ^^^^^ not found in this scope
[INFO] [stdout]     |
[INFO] [stdout] help: consider importing one of these items
[INFO] [stdout]     |
[INFO] [stdout] 266 |     use tp_keyring::AccountKeyring::Alice;
[INFO] [stdout]     |
[INFO] [stdout] 266 |     use tp_keyring::Ed25519Keyring::Alice;
[INFO] [stdout]     |
[INFO] [stdout] 
[INFO] [stdout] 
[INFO] [stdout] error[E0425]: cannot find value `Alice` in this scope
[INFO] [stdout]    --> src/lib.rs:395:65
[INFO] [stdout]     |
[INFO] [stdout] 395 |         let result = pool.submit_one(&BlockId::Number(0), SOURCE, uxt(Alice, 0)).await;
[INFO] [stdout]     |                                                                       ^^^^^ not found in this scope
[INFO] [stdout]     |
[INFO] [stdout] help: consider importing one of these items
[INFO] [stdout]     |
[INFO] [stdout] 266 |     use tp_keyring::AccountKeyring::Alice;
[INFO] [stdout]     |
[INFO] [stdout] 266 |     use tp_keyring::Ed25519Keyring::Alice;
[INFO] [stdout]     |
[INFO] [stdout] 
[INFO] [stdout] 
[INFO] [stdout] error[E0425]: cannot find value `Alice` in this scope
[INFO] [stdout]    --> src/lib.rs:470:65
[INFO] [stdout]     |
[INFO] [stdout] 470 |         let result = pool.submit_one(&BlockId::Number(0), SOURCE, uxt(Alice, 0)).await;
[INFO] [stdout]     |                                                                       ^^^^^ not found in this scope
[INFO] [stdout]     |
[INFO] [stdout] help: consider importing one of these items
[INFO] [stdout]     |
[INFO] [stdout] 266 |     use tp_keyring::AccountKeyring::Alice;
[INFO] [stdout]     |
[INFO] [stdout] 266 |     use tp_keyring::Ed25519Keyring::Alice;
[INFO] [stdout]     |
[INFO] [stdout] 
[INFO] [stdout] 
[INFO] [stdout] error[E0425]: cannot find value `Alice` in this scope
[INFO] [stdout]    --> src/lib.rs:482:28
[INFO] [stdout]     |
[INFO] [stdout] 482 |         pool_api.increment_nonce(Alice.into());
[INFO] [stdout]     |                                  ^^^^^ not found in this scope
[INFO] [stdout]     |
[INFO] [stdout] help: consider importing one of these items
[INFO] [stdout]     |
[INFO] [stdout] 266 |     use tp_keyring::AccountKeyring::Alice;
[INFO] [stdout]     |
[INFO] [stdout] 266 |     use tp_keyring::Ed25519Keyring::Alice;
[INFO] [stdout]     |
[INFO] [stdout] 
[INFO] [stdout] 
[INFO] [stdout] error[E0425]: cannot find value `Alice` in this scope
[INFO] [stdout]    --> src/lib.rs:500:60
[INFO] [stdout]     |
[INFO] [stdout] 500 |         assert!(pool.submit_one(&BlockId::Number(1), SOURCE, uxt(Alice, 1)).await.is_ok());
[INFO] [stdout]     |                                                                  ^^^^^ not found in this scope
[INFO] [stdout]     |
[INFO] [stdout] help: consider importing one of these items
[INFO] [stdout]     |
[INFO] [stdout] 266 |     use tp_keyring::AccountKeyring::Alice;
[INFO] [stdout]     |
[INFO] [stdout] 266 |     use tp_keyring::Ed25519Keyring::Alice;
[INFO] [stdout]     |
[INFO] [stdout] 
[INFO] [stdout] 
[INFO] [stdout] error[E0425]: cannot find value `Alice` in this scope
[INFO] [stdout]    --> src/lib.rs:521:28
[INFO] [stdout]     |
[INFO] [stdout] 521 |         pool_api.increment_nonce(Alice.into());
[INFO] [stdout]     |                                  ^^^^^ not found in this scope
[INFO] [stdout]     |
[INFO] [stdout] help: consider importing one of these items
[INFO] [stdout]     |
[INFO] [stdout] 266 |     use tp_keyring::AccountKeyring::Alice;
[INFO] [stdout]     |
[INFO] [stdout] 266 |     use tp_keyring::Ed25519Keyring::Alice;
[INFO] [stdout]     |
[INFO] [stdout] 
[INFO] [stdout] 
[INFO] [stdout] error[E0425]: cannot find value `Alice` in this scope
[INFO] [stdout]    --> src/lib.rs:523:60
[INFO] [stdout]     |
[INFO] [stdout] 523 |         assert!(pool.submit_one(&BlockId::Number(1), SOURCE, uxt(Alice, 2)).await.is_ok());
[INFO] [stdout]     |                                                                  ^^^^^ not found in this scope
[INFO] [stdout]     |
[INFO] [stdout] help: consider importing one of these items
[INFO] [stdout]     |
[INFO] [stdout] 266 |     use tp_keyring::AccountKeyring::Alice;
[INFO] [stdout]     |
[INFO] [stdout] 266 |     use tp_keyring::Ed25519Keyring::Alice;
[INFO] [stdout]     |
[INFO] [stdout] 
[INFO] [stdout] 
[INFO] [stdout] error[E0599]: no method named `clone` found for struct `std::sync::Arc<_>` in the current scope
[INFO] [stdout]    --> src/lib.rs:300:11
[INFO] [stdout]     |
[INFO] [stdout] 300 |             client.clone(),
[INFO] [stdout]     |                    ^^^^^ method not found in `std::sync::Arc<_>`
[INFO] [stdout]     |
[INFO] [stdout]     = note: `client` is a function, perhaps you wish to call it
[INFO] [stdout] 
[INFO] [stdout] 
[INFO] [stdout] error[E0599]: no method named `clone` found for struct `std::sync::Arc<_>` in the current scope
[INFO] [stdout]    --> src/lib.rs:321:26
[INFO] [stdout]     |
[INFO] [stdout] 321 |                 block_import: client.clone(),
[INFO] [stdout]     |                                      ^^^^^ method not found in `std::sync::Arc<_>`
[INFO] [stdout]     |
[INFO] [stdout]     = note: `client` is a function, perhaps you wish to call it
[INFO] [stdout] 
[INFO] [stdout] 
[INFO] [stdout] error[E0599]: no method named `clone` found for struct `std::sync::Arc<_>` in the current scope
[INFO] [stdout]    --> src/lib.rs:323:20
[INFO] [stdout]     |
[INFO] [stdout] 323 |                 client: client.clone(),
[INFO] [stdout]     |                                ^^^^^ method not found in `std::sync::Arc<_>`
[INFO] [stdout]     |
[INFO] [stdout]     = note: `client` is a function, perhaps you wish to call it
[INFO] [stdout] 
[INFO] [stdout] 
[INFO] [stdout] error[E0599]: no method named `header` found for struct `std::sync::Arc<_>` in the current scope
[INFO] [stdout]    --> src/lib.rs:356:18
[INFO] [stdout]     |
[INFO] [stdout] 356 |         assert!(client.header(&BlockId::Number(1)).unwrap().is_some())
[INFO] [stdout]     |                        ^^^^^^ method not found in `std::sync::Arc<_>`
[INFO] [stdout]     |
[INFO] [stdout]     = note: `client` is a function, perhaps you wish to call it
[INFO] [stdout] 
[INFO] [stdout] 
[INFO] [stdout] error[E0698]: type inside `async` block must be known in this context
[INFO] [stdout]    --> src/lib.rs:337:49
[INFO] [stdout]     |
[INFO] [stdout] 337 |         let result = pool.submit_one(&BlockId::Number(0), SOURCE, uxt(Alice, 0)).await;
[INFO] [stdout]     |                                                       ^ cannot infer type for type `{integer}`
[INFO] [stdout]     |
[INFO] [stdout] note: the type is part of the `async` block because of this `await`
[INFO] [stdout]    --> src/lib.rs:337:16
[INFO] [stdout]     |
[INFO] [stdout] 337 |         let result = pool.submit_one(&BlockId::Number(0), SOURCE, uxt(Alice, 0)).await;
[INFO] [stdout]     |                      ^^^^^^^^^^^^^^^^^^^^^^^^^^^^^^^^^^^^^^^^^^^^^^^^^^^^^^^^^^^^^^^^^
[INFO] [stdout] 
[INFO] [stdout] 
[INFO] [stdout] error[E0698]: type inside `async` block must be known in this context
[INFO] [stdout]    --> src/lib.rs:337:72
[INFO] [stdout]     |
[INFO] [stdout] 337 |         let result = pool.submit_one(&BlockId::Number(0), SOURCE, uxt(Alice, 0)).await;
[INFO] [stdout]     |                                                                              ^ cannot infer type for type `{integer}`
[INFO] [stdout]     |
[INFO] [stdout] note: the type is part of the `async` block because of this `await`
[INFO] [stdout]    --> src/lib.rs:337:16
[INFO] [stdout]     |
[INFO] [stdout] 337 |         let result = pool.submit_one(&BlockId::Number(0), SOURCE, uxt(Alice, 0)).await;
[INFO] [stdout]     |                      ^^^^^^^^^^^^^^^^^^^^^^^^^^^^^^^^^^^^^^^^^^^^^^^^^^^^^^^^^^^^^^^^^
[INFO] [stdout] 
[INFO] [stdout] 
[INFO] [stdout] error[E0599]: no method named `clone` found for struct `std::sync::Arc<_>` in the current scope
[INFO] [stdout]    --> src/lib.rs:371:11
[INFO] [stdout]     |
[INFO] [stdout] 371 |             client.clone(),
[INFO] [stdout]     |                    ^^^^^ method not found in `std::sync::Arc<_>`
[INFO] [stdout]     |
[INFO] [stdout]     = note: `client` is a function, perhaps you wish to call it
[INFO] [stdout] 
[INFO] [stdout] 
[INFO] [stdout] error[E0599]: no method named `clone` found for struct `std::sync::Arc<_>` in the current scope
[INFO] [stdout]    --> src/lib.rs:379:26
[INFO] [stdout]     |
[INFO] [stdout] 379 |                 block_import: client.clone(),
[INFO] [stdout]     |                                      ^^^^^ method not found in `std::sync::Arc<_>`
[INFO] [stdout]     |
[INFO] [stdout]     = note: `client` is a function, perhaps you wish to call it
[INFO] [stdout] 
[INFO] [stdout] 
[INFO] [stdout] error[E0599]: no method named `clone` found for struct `std::sync::Arc<_>` in the current scope
[INFO] [stdout]    --> src/lib.rs:381:20
[INFO] [stdout]     |
[INFO] [stdout] 381 |                 client: client.clone(),
[INFO] [stdout]     |                                ^^^^^ method not found in `std::sync::Arc<_>`
[INFO] [stdout]     |
[INFO] [stdout]     = note: `client` is a function, perhaps you wish to call it
[INFO] [stdout] 
[INFO] [stdout] 
[INFO] [stdout] error[E0599]: no method named `header` found for struct `std::sync::Arc<_>` in the current scope
[INFO] [stdout]    --> src/lib.rs:422:23
[INFO] [stdout]     |
[INFO] [stdout] 422 |         let header = client.header(&BlockId::Number(1)).unwrap().unwrap();
[INFO] [stdout]     |                             ^^^^^^ method not found in `std::sync::Arc<_>`
[INFO] [stdout]     |
[INFO] [stdout]     = note: `client` is a function, perhaps you wish to call it
[INFO] [stdout] 
[INFO] [stdout] 
[INFO] [stdout] error[E0698]: type inside `async` block must be known in this context
[INFO] [stdout]    --> src/lib.rs:395:49
[INFO] [stdout]     |
[INFO] [stdout] 395 |         let result = pool.submit_one(&BlockId::Number(0), SOURCE, uxt(Alice, 0)).await;
[INFO] [stdout]     |                                                       ^ cannot infer type for type `{integer}`
[INFO] [stdout]     |
[INFO] [stdout] note: the type is part of the `async` block because of this `await`
[INFO] [stdout]    --> src/lib.rs:395:16
[INFO] [stdout]     |
[INFO] [stdout] 395 |         let result = pool.submit_one(&BlockId::Number(0), SOURCE, uxt(Alice, 0)).await;
[INFO] [stdout]     |                      ^^^^^^^^^^^^^^^^^^^^^^^^^^^^^^^^^^^^^^^^^^^^^^^^^^^^^^^^^^^^^^^^^
[INFO] [stdout] 
[INFO] [stdout] 
[INFO] [stdout] error[E0698]: type inside `async` block must be known in this context
[INFO] [stdout]    --> src/lib.rs:395:72
[INFO] [stdout]     |
[INFO] [stdout] 395 |         let result = pool.submit_one(&BlockId::Number(0), SOURCE, uxt(Alice, 0)).await;
[INFO] [stdout]     |                                                                              ^ cannot infer type for type `{integer}`
[INFO] [stdout]     |
[INFO] [stdout] note: the type is part of the `async` block because of this `await`
[INFO] [stdout]    --> src/lib.rs:395:16
[INFO] [stdout]     |
[INFO] [stdout] 395 |         let result = pool.submit_one(&BlockId::Number(0), SOURCE, uxt(Alice, 0)).await;
[INFO] [stdout]     |                      ^^^^^^^^^^^^^^^^^^^^^^^^^^^^^^^^^^^^^^^^^^^^^^^^^^^^^^^^^^^^^^^^^
[INFO] [stdout] 
[INFO] [stdout] 
[INFO] [stdout] error[E0599]: no method named `clone` found for struct `std::sync::Arc<_>` in the current scope
[INFO] [stdout]    --> src/lib.rs:446:11
[INFO] [stdout]     |
[INFO] [stdout] 446 |             client.clone(),
[INFO] [stdout]     |                    ^^^^^ method not found in `std::sync::Arc<_>`
[INFO] [stdout]     |
[INFO] [stdout]     = note: `client` is a function, perhaps you wish to call it
[INFO] [stdout] 
[INFO] [stdout] 
[INFO] [stdout] error[E0599]: no method named `clone` found for struct `std::sync::Arc<_>` in the current scope
[INFO] [stdout]    --> src/lib.rs:454:26
[INFO] [stdout]     |
[INFO] [stdout] 454 |                 block_import: client.clone(),
[INFO] [stdout]     |                                      ^^^^^ method not found in `std::sync::Arc<_>`
[INFO] [stdout]     |
[INFO] [stdout]     = note: `client` is a function, perhaps you wish to call it
[INFO] [stdout] 
[INFO] [stdout] 
[INFO] [stdout] error[E0599]: no method named `clone` found for struct `std::sync::Arc<_>` in the current scope
[INFO] [stdout]    --> src/lib.rs:456:20
[INFO] [stdout]     |
[INFO] [stdout] 456 |                 client: client.clone(),
[INFO] [stdout]     |                                ^^^^^ method not found in `std::sync::Arc<_>`
[INFO] [stdout]     |
[INFO] [stdout]     = note: `client` is a function, perhaps you wish to call it
[INFO] [stdout] 
[INFO] [stdout] 
[INFO] [stdout] error[E0599]: no method named `block` found for struct `std::sync::Arc<_>` in the current scope
[INFO] [stdout]    --> src/lib.rs:498:22
[INFO] [stdout]     |
[INFO] [stdout] 498 |         let block = client.block(&BlockId::Number(1)).unwrap().unwrap().block;
[INFO] [stdout]     |                            ^^^^^ method not found in `std::sync::Arc<_>`
[INFO] [stdout]     |
[INFO] [stdout]     = note: `client` is a function, perhaps you wish to call it
[INFO] [stdout] 
[INFO] [stdout] 
[INFO] [stdout] error[E0599]: no method named `header` found for struct `std::sync::Arc<_>` in the current scope
[INFO] [stdout]    --> src/lib.rs:502:23
[INFO] [stdout]     |
[INFO] [stdout] 502 |         let header = client.header(&BlockId::Number(1)).expect("db error").expect("imported above");
[INFO] [stdout]     |                             ^^^^^^ method not found in `std::sync::Arc<_>`
[INFO] [stdout]     |
[INFO] [stdout]     = note: `client` is a function, perhaps you wish to call it
[INFO] [stdout] 
[INFO] [stdout] 
[INFO] [stdout] error[E0599]: no method named `block` found for struct `std::sync::Arc<_>` in the current scope
[INFO] [stdout]    --> src/lib.rs:519:22
[INFO] [stdout]     |
[INFO] [stdout] 519 |         let block = client.block(&BlockId::Number(2)).unwrap().unwrap().block;
[INFO] [stdout]     |                            ^^^^^ method not found in `std::sync::Arc<_>`
[INFO] [stdout]     |
[INFO] [stdout]     = note: `client` is a function, perhaps you wish to call it
[INFO] [stdout] 
[INFO] [stdout] 
[INFO] [stdout] error[E0599]: no method named `header` found for struct `std::sync::Arc<_>` in the current scope
[INFO] [stdout]    --> src/lib.rs:533:18
[INFO] [stdout]     |
[INFO] [stdout] 533 |         assert!(client.header(&BlockId::Hash(imported.hash)).unwrap().is_some())
[INFO] [stdout]     |                        ^^^^^^ method not found in `std::sync::Arc<_>`
[INFO] [stdout]     |
[INFO] [stdout]     = note: `client` is a function, perhaps you wish to call it
[INFO] [stdout] 
[INFO] [stdout] 
[INFO] [stdout] error[E0698]: type inside `async` block must be known in this context
[INFO] [stdout]    --> src/lib.rs:470:49
[INFO] [stdout]     |
[INFO] [stdout] 470 |         let result = pool.submit_one(&BlockId::Number(0), SOURCE, uxt(Alice, 0)).await;
[INFO] [stdout]     |                                                       ^ cannot infer type for type `{integer}`
[INFO] [stdout]     |
[INFO] [stdout] note: the type is part of the `async` block because of this `await`
[INFO] [stdout]    --> src/lib.rs:470:16
[INFO] [stdout]     |
[INFO] [stdout] 470 |         let result = pool.submit_one(&BlockId::Number(0), SOURCE, uxt(Alice, 0)).await;
[INFO] [stdout]     |                      ^^^^^^^^^^^^^^^^^^^^^^^^^^^^^^^^^^^^^^^^^^^^^^^^^^^^^^^^^^^^^^^^^
[INFO] [stdout] 
[INFO] [stdout] 
[INFO] [stdout] error[E0698]: type inside `async` block must be known in this context
[INFO] [stdout]    --> src/lib.rs:470:72
[INFO] [stdout]     |
[INFO] [stdout] 470 |         let result = pool.submit_one(&BlockId::Number(0), SOURCE, uxt(Alice, 0)).await;
[INFO] [stdout]     |                                                                              ^ cannot infer type for type `{integer}`
[INFO] [stdout]     |
[INFO] [stdout] note: the type is part of the `async` block because of this `await`
[INFO] [stdout]    --> src/lib.rs:470:16
[INFO] [stdout]     |
[INFO] [stdout] 470 |         let result = pool.submit_one(&BlockId::Number(0), SOURCE, uxt(Alice, 0)).await;
[INFO] [stdout]     |                      ^^^^^^^^^^^^^^^^^^^^^^^^^^^^^^^^^^^^^^^^^^^^^^^^^^^^^^^^^^^^^^^^^
[INFO] [stdout] 
[INFO] [stdout] 
[INFO] [stdout] error[E0698]: type inside `async` block must be known in this context
[INFO] [stdout]    --> src/lib.rs:500:44
[INFO] [stdout]     |
[INFO] [stdout] 500 |         assert!(pool.submit_one(&BlockId::Number(1), SOURCE, uxt(Alice, 1)).await.is_ok());
[INFO] [stdout]     |                                                  ^ cannot infer type for type `{integer}`
[INFO] [stdout]     |
[INFO] [stdout] note: the type is part of the `async` block because of this `await`
[INFO] [stdout]    --> src/lib.rs:500:11
[INFO] [stdout]     |
[INFO] [stdout] 500 |         assert!(pool.submit_one(&BlockId::Number(1), SOURCE, uxt(Alice, 1)).await.is_ok());
[INFO] [stdout]     |                 ^^^^^^^^^^^^^^^^^^^^^^^^^^^^^^^^^^^^^^^^^^^^^^^^^^^^^^^^^^^^^^^^^
[INFO] [stdout] 
[INFO] [stdout] 
[INFO] [stdout] error[E0698]: type inside `async` block must be known in this context
[INFO] [stdout]    --> src/lib.rs:500:67
[INFO] [stdout]     |
[INFO] [stdout] 500 |         assert!(pool.submit_one(&BlockId::Number(1), SOURCE, uxt(Alice, 1)).await.is_ok());
[INFO] [stdout]     |                                                                         ^ cannot infer type for type `{integer}`
[INFO] [stdout]     |
[INFO] [stdout] note: the type is part of the `async` block because of this `await`
[INFO] [stdout]    --> src/lib.rs:500:11
[INFO] [stdout]     |
[INFO] [stdout] 500 |         assert!(pool.submit_one(&BlockId::Number(1), SOURCE, uxt(Alice, 1)).await.is_ok());
[INFO] [stdout]     |                 ^^^^^^^^^^^^^^^^^^^^^^^^^^^^^^^^^^^^^^^^^^^^^^^^^^^^^^^^^^^^^^^^^
[INFO] [stdout] 
[INFO] [stdout] 
[INFO] [stdout] error[E0698]: type inside `async` block must be known in this context
[INFO] [stdout]    --> src/lib.rs:523:44
[INFO] [stdout]     |
[INFO] [stdout] 523 |         assert!(pool.submit_one(&BlockId::Number(1), SOURCE, uxt(Alice, 2)).await.is_ok());
[INFO] [stdout]     |                                                  ^ cannot infer type for type `{integer}`
[INFO] [stdout]     |
[INFO] [stdout] note: the type is part of the `async` block because of this `await`
[INFO] [stdout]    --> src/lib.rs:523:11
[INFO] [stdout]     |
[INFO] [stdout] 523 |         assert!(pool.submit_one(&BlockId::Number(1), SOURCE, uxt(Alice, 2)).await.is_ok());
[INFO] [stdout]     |                 ^^^^^^^^^^^^^^^^^^^^^^^^^^^^^^^^^^^^^^^^^^^^^^^^^^^^^^^^^^^^^^^^^
[INFO] [stdout] 
[INFO] [stdout] 
[INFO] [stdout] error[E0698]: type inside `async` block must be known in this context
[INFO] [stdout]    --> src/lib.rs:523:67
[INFO] [stdout]     |
[INFO] [stdout] 523 |         assert!(pool.submit_one(&BlockId::Number(1), SOURCE, uxt(Alice, 2)).await.is_ok());
[INFO] [stdout]     |                                                                         ^ cannot infer type for type `{integer}`
[INFO] [stdout]     |
[INFO] [stdout] note: the type is part of the `async` block because of this `await`
[INFO] [stdout]    --> src/lib.rs:523:11
[INFO] [stdout]     |
[INFO] [stdout] 523 |         assert!(pool.submit_one(&BlockId::Number(1), SOURCE, uxt(Alice, 2)).await.is_ok());
[INFO] [stdout]     |                 ^^^^^^^^^^^^^^^^^^^^^^^^^^^^^^^^^^^^^^^^^^^^^^^^^^^^^^^^^^^^^^^^^
[INFO] [stdout] 
[INFO] [stdout] 
[INFO] [stdout] warning: unused import: `tc_client_api::BlockBackend`
[INFO] [stdout]    --> src/lib.rs:280:6
[INFO] [stdout]     |
[INFO] [stdout] 280 |     use tc_client_api::BlockBackend;
[INFO] [stdout]     |         ^^^^^^^^^^^^^^^^^^^^^^^^^^^
[INFO] [stdout]     |
[INFO] [stdout]     = note: `#[warn(unused_imports)]` on by default
[INFO] [stdout] 
[INFO] [stdout] 
[INFO] [stdout] error: aborting due to 35 previous errors; 1 warning emitted
[INFO] [stdout] 
[INFO] [stdout] 
[INFO] [stdout] Some errors have detailed explanations: E0425, E0432, E0433, E0599, E0698.
[INFO] [stdout] 
[INFO] [stdout] For more information about an error, try `rustc --explain E0425`.
[INFO] [stdout] 
[INFO] [stderr] error: could not compile `tc-consensus-manual-seal`
[INFO] [stderr] 
[INFO] [stderr] To learn more, run the command again with --verbose.
[INFO] running `Command { std: "docker" "inspect" "2740bf5687287027aaf9a6d35052f1d9155d2fbb6a3b2366f12aa82e16ad6beb", kill_on_drop: false }`
[INFO] running `Command { std: "docker" "rm" "-f" "2740bf5687287027aaf9a6d35052f1d9155d2fbb6a3b2366f12aa82e16ad6beb", kill_on_drop: false }`
[INFO] [stdout] 2740bf5687287027aaf9a6d35052f1d9155d2fbb6a3b2366f12aa82e16ad6beb
